*d - 6 + 0*d. Give l(r).
0
Let o = 4 - 3. Let w = o - -3. Let f = w - 5. Let k(q) = -q - 2. Calculate k(f).
-1
Let x(o) = -4*o + 6. Let a be ((-150)/15)/(-2 + 0). Give x(a).
-14
Let h(j) = j**2 - 3*j - 5. Suppose -w = 4 - 8. What is h(w)?
-1
Let r(d) = d - 6. Suppose -7*m = -12*m + 20. Calculate r(m).
-2
Suppose 2*a + 2*p - 6 - 6 = 0, -2*a + 12 = -p. Let b(n) = 6*n**2 + 11*n - 4. Let r(k) = -5*k**2 - 10*k + 3. Let h(d) = -6*b(d) - 7*r(d). Determine h(a).
-9
Let g(w) = -3 + w**2 - 4 + 4 + w. Suppose -5*x = 4*u - 16, 4*u - 6 = 10. Give g(x).
-3
Let z(p) be the second derivative of p**5/20 - p**3/6 - 9*p**2/2 + 25*p. Give z(0).
-9
Let y = -8 - -5. Let j be (-1 + (-6)/y)*5. Let u(h) be the first derivative of h**4/4 - 5*h**3/3 + 3*h - 1. Give u(j).
3
Let p(s) = 3*s**2 - 4*s - 5. Let t(g) = -16*g**2 + 21*g + 25. Let i(w) = 11*p(w) + 2*t(w). Suppose -5*k = 0, 8*k = 3*v + 3*k - 15. Give i(v).
10
Let p(j) be the first derivative of -j**6/360 + j**5/20 - 7*j**4/24 + 4*j**3/3 - 4. Let w(a) be the third derivative of p(a). Calculate w(5).
-2
Let d(r) = -4 - r + 1 + 2*r. Suppose 0 = 4*y + 3*u - 21, 4*y - y - 3*u = 0. Let c be (-1)/3 - (-7)/y. Give d(c).
-1
Let b(f) be the third derivative of f**9/60480 + f**8/4032 + f**7/5040 + f**6/180 + f**5/30 + 3*f**2. Let k(c) be the third derivative of b(c). What is k(-5)?
-1
Let z(b) = b + 4*b**2 + b**2 - 4*b + 4 - 4*b**2. Let c be z(3). Let i(m) = 3*m - 6. Calculate i(c).
6
Suppose -2*p - 10 = -4. Let x(g) be the second derivative of g**4/12 + g**3 + 2*g**2 + 19*g. Determine x(p).
-5
Let k(a) = 1 - 1 + a**3 + 1 - 4*a**2 - 3*a**2. Give k(7).
1
Let h(t) = -5*t**3 + 7*t**2 - 4*t + 4. Let x(q) = q**3 - q**2 - 1. Let n(w) = -h(w) - 4*x(w). Determine n(3).
12
Let j = 11 - 6. Let k(u) be the first derivative of u**6/360 - u**5/30 - u**4/8 + u**3/3 - 3. Let c(i) be the third derivative of k(i). Calculate c(j).
2
Let m = -17 + 23. Let x(k) = -2*k + 4. What is x(m)?
-8
Suppose -5*f + k - 3*k = -8, 4*f + 2*k - 6 = 0. Suppose -8 + f = -3*o. Let m(s) = 1 - 4*s + s - o + s**3. What is m(-2)?
-3
Let o(j) = j**3 - j**2 - j + 1. Let u(q) = -q**2 + q + 1. Suppose 5*b + 9 = 5*i + 3*b, 3*i - 2*b - 7 = 0. Let l be u(i). Give o(l).
0
Let f(w) = -w - 6. Let x(c) = 8*c + 52. Let r(m) = 52*f(m) + 6*x(m). What is r(1)?
-4
Let h(y) be the first derivative of -y**3/3 + 2*y**2 - 3*y + 1. Suppose 0 = -5*a + a + 24. Suppose -5*k - 5 = -a*k. Give h(k).
-8
Suppose 3*g + 7*p = 2*p - 14, g = p + 6. Suppose g*k - 12 = -5*r, 3*r + 12 = 2*r - 4*k. Let q(h) = -h**2 + 3*h - 1. Calculate q(r).
-5
Suppose 12 = -11*q + 13*q. Let w(h) = h**2 + 6*h - 1 - q*h. Give w(2).
3
Let h(l) = l**3 - 15*l**2 + 13*l + 16. Let f be 0 - -17 - (-6)/(-2). What is h(f)?
2
Let m(h) be the third derivative of -h**7/2520 + h**6/240 - h**5/30 + 2*h**2. Let p(r) be the third derivative of m(r). Calculate p(2).
-1
Let a be 4/(-8)*2 - 1*-7. Let y(h) = -h + 12. Give y(a).
6
Let t = -8 - -8. Let i(v) = v + 2. Give i(t).
2
Suppose -v = 2*v + 9. Let b(k) = -8*k + 11. Let y(f) = 3*f - 4. Let s(a) = -4*b(a) - 11*y(a). Determine s(v).
3
Let j(g) = 3*g**2 - 41*g - 9. Let l(s) = s**2 - 14*s - 3. Let v(w) = 6*j(w) - 17*l(w). Give v(6).
-15
Let j(t) = 3*t + 4. Let z(y) = -y**2 + 4*y - 5. Let s be z(4). Calculate j(s).
-11
Let m(k) = -k**2 + 6*k + 2. Suppose -x = -5*y - 4 - 21, -2*x + 26 = -4*y. Give m(x).
7
Let c(y) = y - 3*y**2 + y**2 + 0*y + 2. Suppose -3*d = 2*g - 0*d + 3, 4*g = 3*d + 39. Let u be g/(-8) + (-5)/4. Give c(u).
-8
Let j(b) be the first derivative of b + 5*b + 13 + b**2 - 10. Suppose 2*r = -2*r - 20. Determine j(r).
-4
Let h(i) = -4*i. Let l(s) = 5*s**3 + 7*s**2 + 2*s + 3. Let x(z) = -4*z**3 - 7*z**2 - 3*z - 2. Let f(q) = -3*l(q) - 4*x(q). Let y be f(-6). Determine h(y).
4
Let g(k) be the first derivative of -3*k**2 + 17. Determine g(3).
-18
Let k = 8 - 4. Let w = 12 + -2. Let f(g) = -5 + 0*g - 2*g + w. Calculate f(k).
-3
Let u(y) = -y - 2. Let v = -12 - -20. Let k(c) = -c**3 + 7*c**2 + 9*c - 12. Let m be k(v). Calculate u(m).
2
Let s(b) = -b. Suppose -4*t = -2*h - 18, -3*t + 14 = -5*h + 3*h. Let p = 0 - -2. Suppose -g + p*g - t = 0. What is s(g)?
-4
Let d(r) be the third derivative of -r**5/20 + r**4/24 - 5*r**3/6 + 5*r**2. Let g(l) be the first derivative of d(l). What is g(1)?
-5
Let h(m) = -3*m - 5. Suppose -4 - 6 = -2*n. Suppose n*a - 4*x = 13, -x - 8 = -2*a + 2*x. Suppose 0 = -3*u - 13 + a. Calculate h(u).
7
Let t(r) = 2*r**2 + 6 - 2*r - 3*r**2 - 1 - 2. Let w be t(-4). Let i(p) = -p**3 - 6*p**2 - 5*p - 5. Determine i(w).
-5
Suppose 20 = -r + 6*r. Suppose 2*i + 0 - r = 0. Let s(n) = -2*n. Give s(i).
-4
Let j(u) = -u**3 - 5*u**2 - u + 4. Let i(k) = -k**3 + k**2 - k + 2. Let s be i(2). What is j(s)?
-8
Let o(s) = -s**3 + 3*s**2 + 5*s - 3. Let n be o(4). Let i(p) = -2 - 3*p - 4*p**3 + 3 - p**2 + 3*p. Give i(n).
-4
Let c(a) = a. Let h(x) = 3*x - 2. Let m(f) = 2*c(f) - h(f). Suppose 8 = k + 2. Determine m(k).
-4
Suppose 0 = -3*w + 5*o - 20, -5*w - 4*o + 16 = -0*w. Let r(n) = -n**3 - 8. Give r(w).
-8
Let g(k) be the second derivative of -k**8/6720 + k**7/360 - k**6/120 + k**5/60 + 5*k**4/12 + 10*k. Let d(t) be the third derivative of g(t). What is d(6)?
2
Suppose 37*s + 15 = 32*s. Let g(n) = n**2 - 3. What is g(s)?
6
Let j(r) = 8*r**3 - r**2. Suppose 4*i = i. Suppose 0 = 5*w - i*w - 30. Let v(g) = g - 5. Let s be v(w). What is j(s)?
7
Suppose -3*u + 4*u = -4. Let v(d) = d**3 + 3*d**2 - 4*d - 6. Give v(u).
-6
Let r(j) = -3*j + 1. Suppose 2*w - w - 11 = f, -5*f - 4*w = 10. Determine r(f).
19
Suppose 5*z + 3*k = -14, -4*z = k + 4*k + 19. Let p be (-1)/z - (2 + -4). Suppose -p*t = 6 - 0. Let i(d) = d**2 + d. Determine i(t).
2
Let h(m) = 5*m - 1 - 3*m + 4*m + 3*m**2 - m - m**3. Let y be h(4). Let v(d) = -4 + 3*d - 2*d**2 - d**y - d + 2 + d. Determine v(-3).
-2
Suppose 6 = l + 7. Let f be 0 - -5 - l/1. Let u(d) = -d**2 + 8 - d - 4*d - 2*d + 2*d**2. What is u(f)?
2
Suppose -g = g. Let j(z) be the third derivative of -z**4/24 - z**3/3 - 2*z**2. Give j(g).
-2
Let n(x) = -x**2 - 5*x + 6. Let p be -10*2/(0 + 4). Calculate n(p).
6
Let g(v) = 3*v**2 - v. Let x be ((-4)/(-6))/((-24)/36). Determine g(x).
4
Let c(g) = 3*g + 3 + 0 - g**2 + 4 + 0*g**2. Determine c(6).
-11
Let c(b) be the third derivative of b**6/120 - b**5/15 + b**4/24 - b**2. Let p be (-2 - -1)*(11 + 0). Let k = -8 - p. Calculate c(k).
-6
Let v(l) = 2*l**2 - l + 4. Let a be 1 - (-3 - -1)*1. Let z(o) = o**3 + 2*o**2 + 3. Let f(d) = a*z(d) - 2*v(d). Calculate f(-1).
-2
Let f = -3 - -7. Let l(r) = -3*r + 2. Determine l(f).
-10
Let j(b) = -b**3 - b**2 + b. Suppose -g - g = -8. Suppose -m - g = 0, 4*q - q = 2*m + 2. What is j(q)?
2
Let j(g) be the second derivative of 0 + 2*g + 5/2*g**2 - 1/12*g**4 - g**3. Suppose 2*h + 0*h + 4 = 0, -2*v - 4*h = 18. Determine j(v).
10
Let v(b) = b - 7. Let g(i) = i**3 - 3*i**2 + 2*i. Let z be g(3). What is v(z)?
-1
Let u(h) = h. Let v(r) = 4*r + 1. Let f(w) = -5*u(w) + v(w). Calculate f(0).
1
Let q(f) = -9*f**2 - 7*f + 6. Let a(p) = -8*p**2 - 6*p + 5. Let g(y) = 6*a(y) - 5*q(y). What is g(-1)?
-2
Let o(m) be the second derivative of -3*m**3/2 - m**2/2 - 3*m. Let n be (1/2)/(1/(-2)). Determine o(n).
8
Let l(h) = h**2 - 6*h + 3. Suppose 31 + 8 = -4*f - 3*i, i = -3*f - 28. Let w = -4 - f. Determine l(w).
-2
Let a(y) be the first derivative of -3*y**5/20 - y**4/24 - y**3/6 - 2*y**2 + 4. Let b(z) be the second derivative of a(z). Give b(-1).
-9
Suppose 4*n - 12 = n. Suppose 20 - n = -4*c. Let f(x) = -13*x**2 + 14*x**2 + 7*x + 5 + 0*x. Calculate f(c).
-7
Let s(t) = -10*t. Suppose -4*v + 11 = -3*d, -2*v + 0*v + 4 = 0. What is s(d)?
10
Let b(i) = -i**2 - 9*i - 7. Suppose -21*s - 30 = -16*s. Give b(s).
11
Let i(r) = r**3 - 6*r**2 + 2*r + 5. Suppose -96*s = -92*s - 24. Give i(s).
17
Let f(c) = 1. Let t(d) be the first derivative of -3*d**2/2 - 6*d + 3. Let i(k) = 6*f(k) + t(k). Suppose -3*b - 3 = -4*h + 17, -h - 6 = 2*b. Determine i(h).
-6
Suppose s = -4*i + 18, s + i = 3*i - 6. Let n(o) = -8*o**2 - s*o - 1 + 7*o**2 + 0. What is n(2)?
-9
Let h(y) = y**2 - 8*y + 2. Let r be h(7). Let g(n) be the third derivative of 0*n + 0 + 5/3*n**3 + 1/24*n**4 + n**2. What is g(r)?
5
Let u(v) = -v**2 - 8*v + 7. Let z(r) = 3*r**2 + 17*r - 15. Let x(s) = 5*u(s) + 2*z(s). Let f = -13 + 14. Let j be 1 + f - (-2 + -1). Give 